j) = 1 - 1 + j + 9 + 2. Let a(z) = -z - 11. Suppose -5 = -4*s + 11. Let t(v) = s*a(v) + 3*u(v). Calculate t(-5).
-6
Let i(d) = d**3 + 2*d**2. Let m be i(-2). Suppose -3*n - 3 = 2*s, 6*s = s - 2*n - 2. Let p(b) = m*b**2 - 3*b + s*b - b**2. What is p(-4)?
-4
Let j(z) = -z**3 - 5*z**2 + 7*z + 4. Let f(s) = -s**2 - 5*s - 6. Let r be f(-5). Determine j(r).
-2
Suppose 4*c = -0*c + 16. Let b be 1 + (2 - c) - 1. Let q be -4*(1 - 3)/b. Let w(o) = o**3 + 3*o**2 - 4*o + 4. Give w(q).
4
Let u(x) be the second derivative of x**3/6 + 7*x**2/2 - 22*x. Give u(-6).
1
Suppose -5*n + 0 = -2*z - 7, 0 = -z + 5*n - 1. Let r(a) = a - 2. What is r(z)?
-8
Let f(g) = -g**2 + 5*g + 8. Let t be (-13)/3 + 13/39. Let u(k) = k**2 - 4*k - 7. Let s(v) = t*f(v) - 5*u(v). Calculate s(3).
-6
Let v(g) = -g**2 - 4*g + 1. Let f be 1 + (-3 - 2) + 0. Let p be v(f). Let y(r) = -2*r - 2*r**3 + p - 6*r**3 + 3*r**3 + 2*r**2. What is y(1)?
-4
Let n(w) = w**3 + 5*w**2 + 3*w + 1. Let z be n(-4). Let q(b) be the first derivative of 3/2*b**2 - 6*b + 3. Calculate q(z).
9
Suppose 0 = 5*o - 3 + 28. Suppose -s = 5*i - 11, -3 = -5*i + 5*s + 2. Let g(z) = 5*z + z**i - 3*z + 3*z - 5. Calculate g(o).
-5
Let k = 7 - 1. Let n be 20/15*k/4. Let h(i) = 2*i**n + 9*i**2 + 6*i - 7*i. Determine h(1).
10
Let h(c) = -c**2 + 3*c + 1. Suppose 0 = z - 3*z + 12. Determine h(z).
-17
Let d(l) = 5*l**2 + 8*l - 4. Let s(k) be the first derivative of 2*k**3 + 9*k**2/2 - 5*k + 2. Let a(j) = -5*d(j) + 4*s(j). Give a(-3).
3
Suppose -5*v = -0*v + 3*m - 21, -v - 5*m + 13 = 0. Let n be 4/14 - (-6)/(-21). Suppose n = 3*k + 15 - v. Let b(w) = w - 3. Calculate b(k).
-7
Let w be (-1)/(-4 - ((-3)/(-24) - 4)). Let h(r) = -r**2 + 10*r - 8. Determine h(w).
8
Let t(g) = g - 2. Let o = -21 + 29. Calculate t(o).
6
Let s(o) be the first derivative of 5/6*o**3 - 3/2*o**2 - 3*o - 1/20*o**5 + 1/3*o**4 - 1. Let l(m) be the first derivative of s(m). Determine l(5).
-3
Suppose -x + 4*x = 4*g + 27, -2*x = -g - 13. Suppose -5*b + 2*j - 6 = -0, -15 = 3*b - x*j. Let r(m) = m**2 - 11. Give r(b).
-11
Let k(t) = -t - 7. Let i(d) = -d**3 - 8*d**2 + 2*d + 10. Let j be i(-8). Determine k(j).
-1
Let l(d) be the third derivative of -d**6/120 + d**5/60 - d**3/6 - d**2. Suppose b = -3*u - 11, 3*u = -3*b - 0*b - 3. Let p = b + -2. Give l(p).
-5
Let t(p) be the second derivative of p**4/12 - p**3/2 - 3*p**2/2 + 19*p. What is t(3)?
-3
Let a = 9 - 5. Suppose 0 = -a*w - 0 - 8. Let l(p) = -4*p. Determine l(w).
8
Let m(l) be the second derivative of -l**4/12 - l**3/2 + l**2 + 2*l. Let v be (3 + 22/(-6))*3. Calculate m(v).
4
Let u be (4 + -5)/(1/3). Let c be 1 - 2/(2/(-1)). Let p(r) = 4*r - 3*r**2 + 0 + 1 + 1 + 4*r**c. What is p(u)?
-1
Let l(h) = h - 3 - h - h. Let g be l(0). Let x(y) = 3*y**3 - 18*y**2 + 26*y + 3. Let s(m) = -m**3 + 6*m**2 - 9*m - 1. Let u(j) = g*x(j) - 8*s(j). What is u(5)?
-6
Let x(n) be the second derivative of n**3/2 + n**2/2 + 8*n. Determine x(2).
7
Let b(a) = -a**2 - 6*a + 8. Let o(v) = v**3 - 9*v**2 - 10*v - 6. Let z be o(10). Calculate b(z).
8
Let u(x) be the first derivative of -x**4/4 - 2*x**3/3 + 7*x**2/2 + 6*x - 1. Calculate u(-4).
10
Let w(f) = -7*f**2 + f + 7. Let y(i) = 3*i**2 - 3. Let h(q) = -2*w(q) - 5*y(q). Let p be 3*-2*1/(-3). Determine h(p).
-7
Let q be (-1)/(12/(-10) + 1). Suppose q*d = 30 - 5. Let m(g) = -g + 12. Calculate m(d).
7
Suppose 4*u = m - 42, m - 24 = 3*u + 4*m. Let d = u + 5. Let x(r) = -r + 2. Give x(d).
7
Let f(w) = -w**3 + 6*w**2 - 4*w - 5. Let n = 3 + 2. Let k be f(n). Let t(i) = k - 1 - 2*i - 6*i**3 + 3*i. What is t(1)?
-6
Let l(u) be the third derivative of u**4/24 + u**2. Let a be l(6). Let g(r) = r**2 - 6*r + 5. Determine g(a).
5
Let o(v) = v**2 + 4*v - 4. Let f = -90 - -84. Determine o(f).
8
Let p(g) = -g**2 - 2*g + 2. Let m = -17 + 13. Determine p(m).
-6
Suppose p = 2 - 1. Let f(h) be the first derivative of 1/3*h**3 + 1 + h - 1/2*h**2. Determine f(p).
1
Let g(x) = x**2 + 2*x. Let w(u) = -u + 2. Let c be w(5). Let i be g(c). Let o(q) = -q**3 + i*q - q + 3*q**2 - 2*q**2 + 3. Give o(3).
-9
Let s(f) = 8*f - 9. Let t(y) = 3*y + 5*y - 7*y + 9 - 24. Let x be t(11). Let g(m) = 4*m - 5. Let v(p) = x*s(p) + 7*g(p). Calculate v(2).
-7
Suppose 3*g + 4*v - 3 = -2, -4*g = 2*v + 12. Let y(t) = -t**3 - 6*t**2 - 4*t + 1. Calculate y(g).
-4
Let u(b) = -4*b + 4. Let c(h) = 5*h - 3. Let s(v) = 3*c(v) + 4*u(v). Let k = -4 + 4. Let p be 3 + -1 + k + 1. Give s(p).
4
Let z(g) = g**3 - 2*g**2 + g + 3. Let q(r) = r**3 - r**2 + r + 3. Let w(a) = 7*q(a) - 6*z(a). What is w(-5)?
-2
Let s = 128 - 126. Let i(c) = -4*c**2 - 3*c + 0*c + 2 + 3*c**2. What is i(s)?
-8
Let t(j) = 2 - 6 + 1 + j. Calculate t(4).
1
Let f be (3/6)/(1/(-16)). Let v = f + 5. Let a(s) = 5 - 3 - 4*s**2 - 3*s + 3*s**2. Determine a(v).
2
Let t(o) = -o**3 - 3*o**2 - 2*o - 1. Let n(f) = -f**2 - 10*f + 9. Let c be n(-10). Suppose -12 = 3*v, c*k = 4*k - 2*v - 18. What is t(k)?
-1
Let s(a) = 4 - 1 - 7*a - 1. Let f(n) = -3*n + 1. Let x(m) = -5*f(m) + 2*s(m). What is x(-3)?
-4
Let f be (1 + 0)/(-1)*0. Let v = f - 1. Let c be (-1 + v)*(-1)/2. Let g(n) = 7*n - 1. Calculate g(c).
6
Let o(y) = -y - 6. Let z(q) = q**2 - 7*q + 2. Let j be z(6). Give o(j).
-2
Let y = -11 - -5. Let b(w) be the first derivative of w**2/2 + 8*w + 18. Give b(y).
2
Let p(f) = -f**2 - 3*f**3 - 4*f - 4*f**3 + 0*f**3 + 5*f. Calculate p(1).
-7
Suppose 0 = -4*c + 8. Let s be 2/((2 - c) + 1). Let p(u) = u**s + 5*u**2 - u**3 + 1 - 4*u - 3*u. Determine p(5).
-9
Let i(j) = j**2 - 1. Let y be i(-2). Let r be y - (3 + (1 - -1)). Let f = 2 + r. Let d(k) = k**2 - k - 1. Give d(f).
-1
Let m(h) = 2*h**2 - h**3 + h**2 - 7 + 12. Determine m(4).
-11
Let o(v) = -2*v**2 - 5*v - 3. Let x = 4 + -7. Let d = -6 - x. What is o(d)?
-6
Let q be 7 - 6/9*3. Let w(k) = -3*k - 9. Let c(y) = -7*y - 19. Let s(p) = 4*c(p) - 9*w(p). Calculate s(q).
0
Let h(b) = -b**2 - 4*b + 5. Suppose 0 = -8*k + 3*k - 25. Give h(k).
0
Let o(u) = u + 1. Let l(n) = n**3 + 9*n**2 + 2*n. Let w(t) = -l(t) - 6*o(t). Give w(-8).
-6
Let y(r) = r**3 - 5*r**2 + r + 3. Let x(u) = u**3 - 11*u**2 + 10*u + 4. Let z be x(10). Suppose -v = 2*j - 2*v - z, 5*j = -4*v + 23. Calculate y(j).
-12
Let d(a) = a**2 - 4*a - 2. Suppose -v + 6*v - 12 = -2*n, -3*v + 5*n = -32. Determine d(v).
-2
Let p(r) = -r + 2. Let w(k) = k - 4. Let z(a) = -7*p(a) - 4*w(a). Determine z(-4).
-10
Let s(p) be the first derivative of -p**3/3 - 5*p**2/2 + 5*p + 3. Give s(-4).
9
Let a(t) = -t**3 + 6*t**2 - 5*t - 3. Let z = 11 - 7. Suppose -c - 4*c + z*p = -28, 0 = 3*p + 6. Give a(c).
9
Let n(a) = a**2 + 2*a - 1. Let v be n(1). Let h(f) = -v + 2*f**2 + 2 + 2 + 4*f. Suppose 2*q - 2 + 6 = 0. Give h(q).
2
Let i(z) = 13*z**2 + 4*z + 12. Suppose j + 8 = -3*j. Let m(l) = l**2 + 3 + 4*l**2 + l - 2*l**2. Let a(o) = j*i(o) + 9*m(o). Give a(0).
3
Let v(u) = u**2 + 6*u + 1. Suppose 2*g - 7*g = 25. Give v(g).
-4
Let d(p) = 10*p - 3 - 14*p + 3 - p**2 + 2. Suppose h + 2*i = -1, h = 5*i - 10 + 2. What is d(h)?
5
Let q be (-7)/(-5 + (-3 - -7)). Let k(v) = -3*v**2 - 9*v - 5. Let c(t) = 8*t**2 + 26*t + 16. Let o(w) = 4*c(w) + 11*k(w). Give o(q).
-5
Let u(a) = a**2 - 3*a - 3. Let o(b) = -3*b**2 + 7*b + 5. Let g(z) = -2*o(z) - 5*u(z). Calculate g(0).
5
Let p(s) be the first derivative of s**5/60 - s**4/4 - 2*s**3/3 - s**2/2 + 2. Let u(v) be the second derivative of p(v). What is u(5)?
-9
Let l(o) be the first derivative of o**4/4 - o**3 - o + 4. Give l(3).
-1
Let n(d) = -d**2 - 2. Suppose 0 = 5*v + 4*o + 5 - 25, v + 4*o = 20. What is n(v)?
-2
Suppose -3*t = -4*t - 5. Let y(w) = -w**3 - 6*w**2 - 7*w - 5. What is y(t)?
5
Let d be ((-5)/2)/(-5)*18. Let f(s) = d*s**3 + 1 - 5*s + s**2 - s**2. Let g(t) = 4*t**3 - 2*t. Let u(n) = -3*f(n) + 7*g(n). What is u(0)?
-3
Let h be (31 - 5)*1/(-2). Let z(q) = 5*q**3 + 5*q**2 + 3*q - 4. Let x(m) = -11*m**3 - 10*m**2 - 7*m + 8. Let t(i) = h*z(i) - 6*x(i). Determine t(3).
-5
Let i(h) = -2*h**3 + 5*h**3 + 2*h - 4*h**2 - 2*h**3 + 1. Let z(o) = o**2 - 6*o - 1. Let p be z(5). Let c be (-7)/21 + (-26)/p. Give i(c).
9
Let o(w) = -w**2 - 3*w + 4. Let h(l) = l**2 + 3*l - 3. Let r(d) = 3*h(d) + 2*o(d). Determine r(-3).
-1
Let l(z) = -z - 5. Let x(m) be the second derivative of m**5/20 + 5*m**4/12 + m**3/3 + 2*m**2 + m. Let o be x(-4). Let j = o + -7. Determine l(j).
-10
Suppose 0 = -11*d + 8